{"id":2060,"date":"2025-06-26T23:52:14","date_gmt":"2025-06-26T20:52:14","guid":{"rendered":"https:\/\/rkeeper.us\/?page_id=2060"},"modified":"2025-07-22T12:09:14","modified_gmt":"2025-07-22T09:09:14","slug":"iseteeninduskioskid","status":"publish","type":"page","link":"https:\/\/rkeeper.ee\/?page_id=2060","title":{"rendered":"Iseteeninduskioskid"},"content":{"rendered":"\t\t<div data-elementor-type=\"wp-page\" data-elementor-id=\"2060\" class=\"elementor elementor-2060 elementor-1787\" data-elementor-post-type=\"page\">\n\t\t\t\t<div class=\"elementor-element elementor-element-45a7e7ff e-flex e-con-boxed e-con e-parent\" data-id=\"45a7e7ff\" data-element_type=\"container\" data-e-type=\"container\">\n\t\t\t\t\t<div class=\"e-con-inner\">\n\t\t\t\t<div class=\"elementor-element elementor-element-7639dded elementor-widget elementor-widget-heading\" data-id=\"7639dded\" data-element_type=\"widget\" data-e-type=\"widget\" data-widget_type=\"heading.default\">\n\t\t\t\t<div class=\"elementor-widget-container\">\n\t\t\t\t\t<h3 class=\"elementor-heading-title elementor-size-default\">Iseteeninduskioskid<\/h3>\t\t\t\t<\/div>\n\t\t\t\t<\/div>\n\t\t\t\t<div class=\"elementor-element elementor-element-60686d3 elementor-widget elementor-widget-text-editor\" data-id=\"60686d3\" data-element_type=\"widget\" data-e-type=\"widget\" data-widget_type=\"text-editor.default\">\n\t\t\t\t<div class=\"elementor-widget-container\">\n\t\t\t\t\t\t\t\t\t<h2 id=\"Empower-your-fast-food-experience-with-r_keeper-kiosks-1\"><strong>T\u00f5stke oma kiirtoidukogemus uuele tasemele r_keeper kioskitega<\/strong><\/h2><figure class=\"image image-style-align-left image_resized\"><img fetchpriority=\"high\" decoding=\"async\" class=\"alignright\" src=\"https:\/\/img.perfectwiki.xyz\/insecure\/resize:fit:400\/aHR0cHM6Ly9zdG9yYWdlLmdvb2dsZWFwaXMuY29tL3BlcmZlY3Rfd2lraS9jMThmZTZmNy03MTRiLTQxMzItYmI1NC0zNTY0ODc3NWVkMGMvY1NJdzZ0a3l0OFU2UTIxZUlGQk4vJUQwJUI4JUQwJUI3JUQwJUJFJUQwJUIxJUQxJTgwJUQwJUIwJUQwJUI2JUQwJUI1JUQwJUJEJUQwJUI4JUQwJUI1X2Q2NTk2NWQzLTFkNDUtNDYyOC05ZTkxLWJlOGUxYzc1ODBhMy5wbmc.webp\" sizes=\"100vw\" srcset=\"https:\/\/img.perfectwiki.xyz\/insecure\/resize:fit:400\/aHR0cHM6Ly9zdG9yYWdlLmdvb2dsZWFwaXMuY29tL3BlcmZlY3Rfd2lraS9jMThmZTZmNy03MTRiLTQxMzItYmI1NC0zNTY0ODc3NWVkMGMvY1NJdzZ0a3l0OFU2UTIxZUlGQk4vJUQwJUI4JUQwJUI3JUQwJUJFJUQwJUIxJUQxJTgwJUQwJUIwJUQwJUI2JUQwJUI1JUQwJUJEJUQwJUI4JUQwJUI1X2Q2NTk2NWQzLTFkNDUtNDYyOC05ZTkxLWJlOGUxYzc1ODBhMy5wbmc.webp 400w, https:\/\/img.perfectwiki.xyz\/insecure\/resize:fit:800\/aHR0cHM6Ly9zdG9yYWdlLmdvb2dsZWFwaXMuY29tL3BlcmZlY3Rfd2lraS9jMThmZTZmNy03MTRiLTQxMzItYmI1NC0zNTY0ODc3NWVkMGMvY1NJdzZ0a3l0OFU2UTIxZUlGQk4vJUQwJUI4JUQwJUI3JUQwJUJFJUQwJUIxJUQxJTgwJUQwJUIwJUQwJUI2JUQwJUI1JUQwJUJEJUQwJUI4JUQwJUI1X2Q2NTk2NWQzLTFkNDUtNDYyOC05ZTkxLWJlOGUxYzc1ODBhMy5wbmc.webp 800w, https:\/\/img.perfectwiki.xyz\/insecure\/resize:fit:1200\/aHR0cHM6Ly9zdG9yYWdlLmdvb2dsZWFwaXMuY29tL3BlcmZlY3Rfd2lraS9jMThmZTZmNy03MTRiLTQxMzItYmI1NC0zNTY0ODc3NWVkMGMvY1NJdzZ0a3l0OFU2UTIxZUlGQk4vJUQwJUI4JUQwJUI3JUQwJUJFJUQwJUIxJUQxJTgwJUQwJUIwJUQwJUI2JUQwJUI1JUQwJUJEJUQwJUI4JUQwJUI1X2Q2NTk2NWQzLTFkNDUtNDYyOC05ZTkxLWJlOGUxYzc1ODBhMy5wbmc.webp 1200w, https:\/\/img.perfectwiki.xyz\/insecure\/aHR0cHM6Ly9zdG9yYWdlLmdvb2dsZWFwaXMuY29tL3BlcmZlY3Rfd2lraS9jMThmZTZmNy03MTRiLTQxMzItYmI1NC0zNTY0ODc3NWVkMGMvY1NJdzZ0a3l0OFU2UTIxZUlGQk4vJUQwJUI4JUQwJUI3JUQwJUJFJUQwJUIxJUQxJTgwJUQwJUIwJUQwJUI2JUQwJUI1JUQwJUJEJUQwJUI4JUQwJUI1X2Q2NTk2NWQzLTFkNDUtNDYyOC05ZTkxLWJlOGUxYzc1ODBhMy5wbmc.webp 1400w\" alt=\"tooted \/ 1 Iseteeninduskioskid \u2705  \" width=\"428\" height=\"426\"><\/figure><h3 id=\"Quick.-Efficient.-User-Friendly.-2\"><strong>Kiire. T\u00f5hus. Kasutajas\u00f5bralik.  <\/strong><\/h3><p>Meie kioskid on kiired, t\u00f5husad ja uskumatult kasutajas\u00f5bralikud, v\u00f5imaldades klientidel teha tellimusi endale sobival ajal, v\u00e4hendades ooteaega ja suurendades rahulolu. Sukelduge s\u00f6\u00f6gikohtade tulevikku, kus tehnoloogia ja maitse kohtuvad. Suurendage oma restorani t\u00f5husust ja vaadake, kuidas teie \u00e4ri kasvab koos <strong>r_keeperiga<\/strong>. V\u00f5tke \u00fchendust juba t\u00e4na, et muuta oma teenindust!   <\/p><ul><li>\u201eV\u00e4hendage ooteaegu\u201c<\/li><li>\u201eSuurendage kliendirahulolu\u201c<\/li><li>\u201eSuurendage tellimuste t\u00e4psust\u201c<\/li><li>\u201eSuurendage m\u00fc\u00fcki \u00fcles- ja ristm\u00fc\u00fcgi abil\u201c<\/li><\/ul><h2 id=\"How-R-Keeper-Kiosks-Work-1\"><strong>Kuidas r_keeper kioskid t\u00f6\u00f6tavad<\/strong><\/h2><ul><li>\u201eLihtne seadistamine\u201c<\/li><li>\u201eSujuv tellimine\u201c<\/li><li>\u201eKohene maksete t\u00f6\u00f6tlemine\u201c<\/li><li>\u201eKiire tellimuste t\u00e4itmine\u201c<\/li><\/ul><h2><strong>R_keeper kioskite eelised<\/strong><\/h2><p><strong style=\"letter-spacing: 0px; word-spacing: 0em; background-color: transparent;\">&#8220;Lihtsustage oma tegevust&#8221; <\/strong><span style=\"letter-spacing: 0px; word-spacing: 0em; background-color: transparent;\">eesm\u00e4rk on muuta revolutsiooniliselt, kuidas kiirtoidurestoranid haldavad oma igap\u00e4evaseid t\u00f6\u00f6vooge ja kliendikontakte. <\/span><span style=\"letter-spacing: 0px; word-spacing: 0em; background-color: transparent;\">See l\u00e4henemisviis kasutab t\u00e4iustatud tehnoloogiat, et muuta teie restoran t\u00f5husamaks, v\u00e4hendades rutiinsetele \u00fclesannetele kuluvat aega ja vaeva.<\/span><\/p><p><strong style=\"background-color: transparent; letter-spacing: 0px; word-spacing: 0em;\">Kiirem tellimisprotsess:<\/strong><span style=\"background-color: transparent; letter-spacing: 0px; word-spacing: 0em;\"> Kliendid saavad oma tellimusi intuitiivse puutetundliku kasutajaliidese kaudu kiiresti esitada, v\u00e4hendades j\u00e4rjekordade pikkust ja v\u00e4hendades tipptundide ajal teie t\u00f6\u00f6tajatele avalduvat survet.<\/span><\/p><p><strong style=\"background-color: transparent; letter-spacing: 0px; word-spacing: 0em;\">Parem tellimuse t\u00e4psus:<\/strong><span style=\"background-color: transparent; letter-spacing: 0px; word-spacing: 0em;\">  Iseteeninduskioskite abil saavad kliendid oma tellimusi t\u00e4pselt oma maitse j\u00e4rgi kohandada, mis v\u00e4hendab oluliselt vigade v\u00f5imalust, mis v\u00f5ib tekkida traditsiooniliste tellimismeetodite puhul. Selline t\u00e4psus tagab, et kliendid saavad t\u00e4pselt seda, mida nad tellisid, suurendades rahulolu ja v\u00e4hendades raiskamist. <\/span><\/p><p><strong style=\"background-color: transparent; letter-spacing: 0px; word-spacing: 0em;\">T\u00f5hus personalijaotus:<\/strong><span style=\"background-color: transparent; letter-spacing: 0px; word-spacing: 0em;\">  Tellimuste vastuv\u00f5tmise automatiseerimise abil saab teie t\u00f6\u00f6tajad keskenduda teistele olulistele valdkondadele, nagu toidu valmistamine ja klienditeenindus. Selline inimressursside optimeeritud jaotamine tagab, et teie tegevus kulgeb sujuvalt, suurendades teie restorani \u00fcldist t\u00f5husust. <\/span><\/p><p><img decoding=\"async\" class=\"alignleft\" style=\"margin: 8px 8px 0px;\" src=\"https:\/\/img.perfectwiki.xyz\/insecure\/resize:fit:400\/aHR0cHM6Ly9zdG9yYWdlLmdvb2dsZWFwaXMuY29tL3BlcmZlY3Rfd2lraS9jMThmZTZmNy03MTRiLTQxMzItYmI1NC0zNTY0ODc3NWVkMGMvY1NJdzZ0a3l0OFU2UTIxZUlGQk4vJUQwJUI4JUQwJUI3JUQwJUJFJUQwJUIxJUQxJTgwJUQwJUIwJUQwJUI2JUQwJUI1JUQwJUJEJUQwJUI4JUQwJUI1XzI4MzhjZjMwLTdiYTAtNDI4OC04NWE5LWUyYTNjZjM0M2EzMi5wbmc.webp\" sizes=\"100vw\" srcset=\"https:\/\/img.perfectwiki.xyz\/insecure\/resize:fit:400\/aHR0cHM6Ly9zdG9yYWdlLmdvb2dsZWFwaXMuY29tL3BlcmZlY3Rfd2lraS9jMThmZTZmNy03MTRiLTQxMzItYmI1NC0zNTY0ODc3NWVkMGMvY1NJdzZ0a3l0OFU2UTIxZUlGQk4vJUQwJUI4JUQwJUI3JUQwJUJFJUQwJUIxJUQxJTgwJUQwJUIwJUQwJUI2JUQwJUI1JUQwJUJEJUQwJUI4JUQwJUI1XzI4MzhjZjMwLTdiYTAtNDI4OC04NWE5LWUyYTNjZjM0M2EzMi5wbmc.webp 400w, https:\/\/img.perfectwiki.xyz\/insecure\/resize:fit:800\/aHR0cHM6Ly9zdG9yYWdlLmdvb2dsZWFwaXMuY29tL3BlcmZlY3Rfd2lraS9jMThmZTZmNy03MTRiLTQxMzItYmI1NC0zNTY0ODc3NWVkMGMvY1NJdzZ0a3l0OFU2UTIxZUlGQk4vJUQwJUI4JUQwJUI3JUQwJUJFJUQwJUIxJUQxJTgwJUQwJUIwJUQwJUI2JUQwJUI1JUQwJUJEJUQwJUI4JUQwJUI1XzI4MzhjZjMwLTdiYTAtNDI4OC04NWE5LWUyYTNjZjM0M2EzMi5wbmc.webp 800w, https:\/\/img.perfectwiki.xyz\/insecure\/resize:fit:1200\/aHR0cHM6Ly9zdG9yYWdlLmdvb2dsZWFwaXMuY29tL3BlcmZlY3Rfd2lraS9jMThmZTZmNy03MTRiLTQxMzItYmI1NC0zNTY0ODc3NWVkMGMvY1NJdzZ0a3l0OFU2UTIxZUlGQk4vJUQwJUI4JUQwJUI3JUQwJUJFJUQwJUIxJUQxJTgwJUQwJUIwJUQwJUI2JUQwJUI1JUQwJUJEJUQwJUI4JUQwJUI1XzI4MzhjZjMwLTdiYTAtNDI4OC04NWE5LWUyYTNjZjM0M2EzMi5wbmc.webp 1200w, https:\/\/img.perfectwiki.xyz\/insecure\/aHR0cHM6Ly9zdG9yYWdlLmdvb2dsZWFwaXMuY29tL3BlcmZlY3Rfd2lraS9jMThmZTZmNy03MTRiLTQxMzItYmI1NC0zNTY0ODc3NWVkMGMvY1NJdzZ0a3l0OFU2UTIxZUlGQk4vJUQwJUI4JUQwJUI3JUQwJUJFJUQwJUIxJUQxJTgwJUQwJUIwJUQwJUI2JUQwJUI1JUQwJUJEJUQwJUI4JUQwJUI1XzI4MzhjZjMwLTdiYTAtNDI4OC04NWE5LWUyYTNjZjM0M2EzMi5wbmc.webp 1400w\" alt=\"tooted \/ 1 Iseteeninduskioskid \u2705  \" width=\"485\" height=\"324\"><\/p><p><strong style=\"background-color: transparent; letter-spacing: 0px; word-spacing: 0em;\">Andmetep\u00f5hised teadmised:<\/strong><span style=\"background-color: transparent; letter-spacing: 0px; word-spacing: 0em;\">  R-Keeperi kioskid koguvad v\u00e4\u00e4rtuslikke andmeid klientide eelistuste ja tellimustrite kohta. Seda teavet saab anal\u00fc\u00fcsida, et teha teadlikke otsuseid men\u00fc\u00fc kohandamise, m\u00fc\u00fcgiedendusstrateegiate ja tipptundide personaliga seotud otsuste tegemiseks, et veelgi t\u00f5hustada tegevust ja kohandada s\u00f6\u00f6gikogemust vastavalt klientide maitsele. <\/span><\/p><p><strong style=\"background-color: transparent; letter-spacing: 0px; word-spacing: 0em;\">&#8220;V\u00f5imaldage oma klientidele&#8221;  <\/strong><span style=\"background-color: transparent; letter-spacing: 0px; word-spacing: 0em;\">annab klientidele kontrolli oma s\u00f6\u00f6gikogemuse \u00fcle teie kiirtoidurestoranis. Need kioskid pakuvad intuitiivset ja interaktiivset tellimisprotsessi, mis v\u00f5imaldab klientidel sirvida men\u00fc\u00fcd omas tempos, kohandada oma tellimusi vastavalt oma t\u00e4psetele eelistustele ja isegi uurida uusi tooteid v\u00f5i kampaaniaid. Selline isejuhtiv l\u00e4henemine mitte ainult ei suurenda klientide rahulolu, pakkudes neile valikuv\u00f5imalusi ja paindlikkust, vaid kaasab nad ka kaasaegsesse, tehnoloogiaga seotud s\u00f6\u00f6gikogemusse. Klientide volitamine sel viisil v\u00f5ib suurendada tellimuse v\u00e4\u00e4rtust lisam\u00fc\u00fcgiv\u00f5imaluste ja personaalsema teeninduse kaudu, mis aitab kaasa klientide lojaalsusele ja korduvkasutamisele.   <\/span><\/p><p><strong style=\"background-color: transparent; letter-spacing: 0px; word-spacing: 0em;\">&#8220;Parandage oma \u00e4ritegevuse tulemuslikkust&#8221;  <\/strong><span style=\"background-color: transparent; letter-spacing: 0px; word-spacing: 0em;\">tehnoloogia kasutamine, mis m\u00f5jutab otseselt teie kiirtoidurestorani kasumlikkust. Siin on kirjeldatud, kuidas nende kioskite integreerimine v\u00f5ib suurendada tulusid: <\/span><\/p><p><strong style=\"background-color: transparent; letter-spacing: 0px; word-spacing: 0em;\">\u00dcmber- ja ristm\u00fc\u00fck:<\/strong><span style=\"background-color: transparent; letter-spacing: 0px; word-spacing: 0em;\">  Kioskid v\u00f5ivad automaatselt soovitada lisasid v\u00f5i t\u00e4iendusi tellimuse esitamisel, julgustades kliente tegema t\u00e4iendavaid oste. N\u00e4iteks pakutakse koos hamburgeriga joogi v\u00f5i peatoidu ostmisel lisatooteid soodushinnaga, kui need ostetakse koos p\u00f5hirooga. See mitte ainult ei suurenda tellimuse keskmist v\u00e4\u00e4rtust, vaid teeb seda ilma inimese poolt pakutava pealet\u00fckkivuseta.  <\/span><\/p><p><strong style=\"background-color: transparent; letter-spacing: 0px; word-spacing: 0em;\">V\u00e4hendatud t\u00f6\u00f6j\u00f5ukulud:<\/strong><span style=\"background-color: transparent; letter-spacing: 0px; word-spacing: 0em;\">  Tellimisprotsessi automatiseerimisega saate personali \u00fcmber paigutada kriitilisematesse tegevusvaldkondadesse v\u00f5i v\u00e4hendada v\u00e4hem h\u00f5ivatud perioodidel vajaliku personali arvu. Selline optimeerimine v\u00f5ib kaasa tuua m\u00e4rkimisv\u00e4\u00e4rse kokkuhoiu t\u00f6\u00f6j\u00f5ukuludelt, mis on \u00fcks olulisemaid kulutusi restoranit\u00f6\u00f6stuses. <\/span><\/p><p><strong>Suurenenud l\u00e4bilaskev\u00f5ime:<\/strong> Iseteeninduskioskid suudavad korraga k\u00e4sitleda mitut tellimust ja t\u00f6\u00f6tada pidevalt, mis suurendab klientide l\u00e4bilaskev\u00f5imet, eriti tipptundidel. Selline t\u00f5husus t\u00e4hendab, et l\u00fchema aja jooksul saab t\u00f6\u00f6delda rohkem m\u00fc\u00fcki, mis suurendab otseselt tulupotentsiaali. <\/p>\t\t\t\t\t\t\t\t<\/div>\n\t\t\t\t<\/div>\n\t\t\t\t<div class=\"elementor-element elementor-element-4800aad5 elementor-align-center elementor-mobile-align-center elementor-widget elementor-widget-button\" data-id=\"4800aad5\" data-element_type=\"widget\" data-e-type=\"widget\" data-widget_type=\"button.default\">\n\t\t\t\t<div class=\"elementor-widget-container\">\n\t\t\t\t\t\t\t\t\t<div class=\"elementor-button-wrapper\">\n\t\t\t\t\t<a class=\"elementor-button elementor-button-link elementor-size-sm\" href=\"http:\/\/rkeeper.ee\/?page_id=256\">\n\t\t\t\t\t\t<span class=\"elementor-button-content-wrapper\">\n\t\t\t\t\t\t\t\t\t<span class=\"elementor-button-text\">V\u00f5tke meiega \u00fchendust<\/span>\n\t\t\t\t\t<\/span>\n\t\t\t\t\t<\/a>\n\t\t\t\t<\/div>\n\t\t\t\t\t\t\t\t<\/div>\n\t\t\t\t<\/div>\n\t\t\t\t\t<\/div>\n\t\t\t\t<\/div>\n\t\t\t\t<\/div>\n\t\t","protected":false},"excerpt":{"rendered":"<p>Iseteeninduskioskid T\u00f5stke oma kiirtoidukogemus uuele tasemele r_keeper kioskitega Kiire. T\u00f5hus. Kasutajas\u00f5bralik. Meie kioskid on kiired, t\u00f5husad ja uskumatult kasutajas\u00f5bralikud, v\u00f5imaldades klientidel teha tellimusi endale sobival ajal, v\u00e4hendades ooteaega ja suurendades rahulolu. Sukelduge s\u00f6\u00f6gikohtade tulevikku, kus tehnoloogia ja maitse kohtuvad. Suurendage oma restorani t\u00f5husust ja vaadake, kuidas teie \u00e4ri kasvab koos r_keeperiga. V\u00f5tke \u00fchendust juba t\u00e4na, [&hellip;]<\/p>\n","protected":false},"author":1,"featured_media":0,"parent":0,"menu_order":0,"comment_status":"closed","ping_status":"closed","template":"elementor_header_footer","meta":{"footnotes":""},"class_list":["post-2060","page","type-page","status-publish","hentry"],"_links":{"self":[{"href":"https:\/\/rkeeper.ee\/index.php?rest_route=\/wp\/v2\/pages\/2060","targetHints":{"allow":["GET"]}}],"collection":[{"href":"https:\/\/rkeeper.ee\/index.php?rest_route=\/wp\/v2\/pages"}],"about":[{"href":"https:\/\/rkeeper.ee\/index.php?rest_route=\/wp\/v2\/types\/page"}],"author":[{"embeddable":true,"href":"https:\/\/rkeeper.ee\/index.php?rest_route=\/wp\/v2\/users\/1"}],"replies":[{"embeddable":true,"href":"https:\/\/rkeeper.ee\/index.php?rest_route=%2Fwp%2Fv2%2Fcomments&post=2060"}],"version-history":[{"count":4,"href":"https:\/\/rkeeper.ee\/index.php?rest_route=\/wp\/v2\/pages\/2060\/revisions"}],"predecessor-version":[{"id":3706,"href":"https:\/\/rkeeper.ee\/index.php?rest_route=\/wp\/v2\/pages\/2060\/revisions\/3706"}],"wp:attachment":[{"href":"https:\/\/rkeeper.ee\/index.php?rest_route=%2Fwp%2Fv2%2Fmedia&parent=2060"}],"curies":[{"name":"wp","href":"https:\/\/api.w.org\/{rel}","templated":true}]}}